{"id":135,"date":"2019-05-17T16:41:04","date_gmt":"2019-05-17T14:41:04","guid":{"rendered":"https:\/\/juliadornfeldt.de\/?page_id=135"},"modified":"2019-05-17T16:44:58","modified_gmt":"2019-05-17T14:44:58","slug":"datenschutzerklaerung","status":"publish","type":"page","link":"https:\/\/juliadornfeldt.de\/?page_id=135","title":{"rendered":"Datenschutzerkl\u00e4rung"},"content":{"rendered":"\n<p>Verantwortliche gem. Art. 4 Abs. 7\nEU-Datenschutz-Grundverordnung (DS-GVO) ist:<\/p>\n\n\n\n<p>Julia Dornfeldt, Salzmannstra\u00dfe 5, 33739\nBielefeld, &nbsp;info@juliadornfeldt.de<\/p>\n\n\n\n<p><strong>Information \u00fcber die Erhebung\npersonenbezogener Daten<\/strong><\/p>\n\n\n\n<p>Diese Datenschutzerkl\u00e4rung informiert Sie\n\u00fcber die Erhebung personenbezogener Daten bei Nutzung dieser Internetpr\u00e4senz.\nPersonenbezogene Daten sind alle Daten, die auf Sie pers\u00f6nlich beziehbar sind,\nbeispielweise Ihr Name, Ihre Anschrift oder Ihre E-Mail-Adresse.<\/p>\n\n\n\n<p><strong>Erhebung und Speicherung personenbezogener\nDaten bei Aufruf dieser Website<\/strong><\/p>\n\n\n\n<p>Wenn Sie diese Internetpr\u00e4senz\ninformatorisch nutzen, d.h. sie nur betrachten, erhebe ich beim Aufruf\ndiejenigen personenbezogenen Daten, die Ihr Browser automatisch an den Server\ndieser Website \u00fcbermittelt. Diese Informationen werden tempor\u00e4r in einem sog.\nLogfile gespeichert.<\/p>\n\n\n\n<p>Anmerkung: Nur durch diese Datenerhebung\nist es \u00fcberhaupt m\u00f6glich, dass Ihnen meine Homepage angezeigt wird. Dieser\nVorgang ist rein technischer Natur. Folgende Informationen werden dabei ohne\nIhr Zutun erfasst und bis zur automatisierten L\u00f6schung gespeichert:<\/p>\n\n\n\n<p>&#8211; IP-Adresse des anfragenden Rechners<br> &#8211; Datum und Uhrzeit der Anfrage bzw. des Zugriffs<br> &#8211; Zeitzonendifferenz zur Greenwich Mean Time (GMT)<br> &#8211; Inhalt der Anforderung (konkrete Seite)<br> &#8211; Name und URL der abgerufenen Datei<br> &#8211; Zugriffsstatus\/HTTP-Statuscode<br>&#8211;  jeweils \u00fcbertragene Datenmenge<br>&#8211;  Website, von der die Anforderung bzw. der Zugriff erfolgt (Referrer-URL)<br> &#8211; verwendeter Browser<br>&#8211;  Betriebssystem Ihres Rechners und dessen Oberfl\u00e4che sowie der Name Ihres Access-Providers<br>&#8211; Sprache und Version der Browsersoftware<\/p>\n\n\n\n<p>Die genannten Daten werden verarbeitet, um\nIhnen diese Website anzuzeigen und dabei Stabilit\u00e4t und Sicherheit zu\ngew\u00e4hrleisten. Insbesondere um einen reibungslosen Verbindungsaufbau und eine\nkomfortable Nutzung meiner Website sicherzustellen sowie f\u00fcr eine Auswertung\nder Systemsicherheit bzw. Systemstabilit\u00e4t und zu weiteren administrativen\nZwecken.<\/p>\n\n\n\n<p>Die Rechtsgrundlage f\u00fcr die\nDatenverarbeitung bildet Art. 6 Abs. 1 DS-GVO. Das berechtigte Interesse folgt\naus den vorstehend aufgelisteten Zwecken zur Datenerhebung.<\/p>\n\n\n\n<p><strong>Kontaktaufnahme<\/strong><\/p>\n\n\n\n<p>F\u00fcr eine Kontaktaufnahme k\u00f6nnen Sie mir\neine E-Mail zusenden. Sofern Sie dies w\u00fcnschen, k\u00f6nnen Sie hierzu eine\nE-Mailadresse verwenden, die keine R\u00fcckschl\u00fcsse auf Ihre Person zul\u00e4sst. Wenn\nSie mir eine E-Mail schreiben speichere ich die von Ihnen mitgeteilten Daten\n(z.B. Ihre E-Mail-Adresse, ggf. Ihren Namen und Ihre Telefonnummer), um Ihre\nFragen zu beantworten. Ist eine Speicherung nicht mehr erforderlich, l\u00f6sche ich\ndie erhobenen personenbezogenen Daten. Ich m\u00f6chte Sie darauf hinweisen, dass\neine Daten\u00fcbertragung per E-Mail Sicherheitsl\u00fccken aufweisen kann. Ein\nl\u00fcckenloser Schutz der Daten vor dem Zugriff durch Dritte ist hier nicht\nm\u00f6glich.<\/p>\n\n\n\n<p><strong>Cookies<\/strong><\/p>\n\n\n\n<p>Neben den unter \u201eErhebung und Speicherung\npersonenbezogener Daten bei Aufruf dieser Website\u201c genannten Daten werden bei\nIhrer Nutzung dieser Website sogenannte Cookies auf Ihrem Endger\u00e4t (Laptop,\nTablet, Smartphone o.\u00e4.) gespeichert. Dies sind kleine Textdateien, die auf\nIhrer Festplatte dem von Ihnen verwendeten Browser zugeordnet gespeichert\nwerden. Durch Cookies erh\u00e4lt die Stelle, die den Cookie setzt, bestimmte\nInformationen. Cookies dienen dazu, dieses Internetangebot nutzerfreundlicher\nund effektiver zu machen. Ich erhalte durch Cookies nicht unmittelbar Kenntnis\nvon Ihrer Identit\u00e4t. Cookies k\u00f6nnen keine Pro-gramme ausf\u00fchren oder Viren auf\nIhren Computer \u00fcbertragen.<\/p>\n\n\n\n<p>Diese Website nutzt ausschlie\u00dflich\nSession-Cookies. Diese speichern eine sogenannte Session-ID, mit welcher sich\nverschiedene Anfragen Ihres Browsers der Sitzung zuordnen lassen. Durch\nSession-Cookies kann erkannt werden, dass Sie einzelne Seiten dieser Website\nbereits besucht haben. Die Session-Cookies werden automatisch gel\u00f6scht, wenn\nSie diese Seite verlassen oder Ihren Browser schlie\u00dfen. Sie k\u00f6nnen die Cookies\nin den Sicherheitseinstellungen Ihres Browsers zudem jederzeit l\u00f6schen.<\/p>\n\n\n\n<p>Sie k\u00f6nnen diese Webseite auch ohne\nCookies besuchen. Sie m\u00fcssen hierzu Ihre Browser-Einstellung so konfigurieren,\ndass die Annahme von Cookies unterbleibt. In diesem Fall k\u00f6nnen Sie\nm\u00f6glicherweise nicht alle Funktionen dieser Website nutzen. Die durch Cookies\nverarbeiteten Daten sind f\u00fcr die genannten Zwecke zur Wahrung meiner\nberechtigten Interessen sowie der Dritter nach Art. 6 Abs. 1 S. 1 lit. f DSGVO\nerforderlich.<\/p>\n\n\n\n<p><strong>Ihre Betroffenenrechte<\/strong><\/p>\n\n\n\n<p>Unter den oben angegebenen Kontaktdaten\nk\u00f6nnen Sie jederzeit folgende Rechte aus\u00fcben:<\/p>\n\n\n\n<p>&#8211; Auskunft \u00fcber Ihre bei mir gespeicherten Daten und deren Verarbeitung,<br> &#8211; Berichtigung unrichtiger personenbezogener Daten,<br> &#8211; L\u00f6schung Ihrer bei mir gespeicherten Daten,<br> &#8211; Einschr\u00e4nkung der Datenverarbeitung, sofern ich Ihre Daten aufgrund gesetzlicher Pflichten noch nicht l\u00f6schen darf,<br>&#8211; Widerspruch gegen die Verarbeitung Ihrer Daten bei mir und<br>&#8211; Daten\u00fcbertragbarkeit, sofern Sie in die Datenverarbeitung eingewilligt haben oder einen Vertrag mit mir abgeschlossen haben.<\/p>\n\n\n\n<p>Sofern Sie mir eine Einwilligung erteilt\nhaben, k\u00f6nnen Sie diese jederzeit mit Wirkung f\u00fcr die Zukunft widerrufen.<\/p>\n\n\n\n<p>Sie k\u00f6nnen sich jederzeit mit einer\nBeschwerde an die f\u00fcr Sie zust\u00e4ndige Aufsichtsbeh\u00f6rde wenden. Ihre zust\u00e4ndige\nAufsichtsbeh\u00f6rde richtet sich nach dem Bundesland Ihres Wohnsitzes, Ihrer\nArbeit oder der mutma\u00dflichen Verletzung. Eine Liste der Aufsichtsbeh\u00f6rden (f\u00fcr\nden nicht\u00f6ffentlichen Bereich) mit Anschrift finden Sie unter:&nbsp;<a href=\"https:\/\/www.bfdi.bund.de\/DE\/Infothek\/Anschriften_Links\/anschriften_links-node.html\" target=\"_blank\" rel=\"noreferrer noopener\">https:\/\/www.bfdi.bund.de\/DE\/Infothek\/Anschriften_Links\/anschriften_links-node.html<\/a>.<\/p>\n\n\n\n<p><strong>L\u00f6schung bzw. Sperrung der Daten<\/strong><\/p>\n\n\n\n<p>Wir halten uns an die Grunds\u00e4tze der\nDatenvermeidung und Datensparsamkeit. Wir speichern Ihre personenbezogenen\nDaten daher nur so lange, wie dies zur Erreichung der hier genannten Zwecke\nerforderlich ist oder wie es die vom Gesetzgeber vorgesehenen vielf\u00e4ltigen\nSpeicherfristen vorsehen. Nach Fortfall des jeweiligen Zweckes bzw. Ablauf\ndieser Fristen werden die entsprechenden Daten routinem\u00e4\u00dfig und entsprechend\nden gesetzlichen Vorschriften gesperrt oder gel\u00f6scht.<\/p>\n\n\n\n<p><strong>Verwendung von Google Analytics<\/strong><\/p>\n\n\n\n<p>Diese Website benutzt Google Analytics,\neinen Webanalysedienst der Google Inc. (folgend: Google). Google Analytics\nverwendet sog. \u201eCookies\u201c, also Textdateien, die auf Ihrem Computer gespeichert\nwerden und die eine Analyse der Benutzung der Webseite durch Sie erm\u00f6glichen.\nDie durch das Cookie erzeugten Informationen \u00fcber Ihre Benutzung dieser\nWebseite werden in der Regel an einen Server von Google in den USA \u00fcbertragen\nund dort gespeichert. Aufgrund der Aktivierung der IP-Anonymisierung auf diesen\nWebseiten, wird Ihre IP-Adresse von Google jedoch innerhalb von Mitgliedstaaten\nder Europ\u00e4ischen Union oder in anderen Vertragsstaaten des Abkommens \u00fcber den\nEurop\u00e4ischen Wirtschaftsraum zuvor gek\u00fcrzt. Nur in Ausnahmef\u00e4llen wird die\nvolle IP-Adresse an einen Server von Google in den USA \u00fcbertragen und dort\ngek\u00fcrzt. Im Auftrag des Betreibers dieser Website wird Google diese\nInformationen benutzen, um Ihre Nutzung der Webseite auszuwerten, um Reports\n\u00fcber die Webseitenaktivit\u00e4ten zusammenzustellen und um weitere mit der\nWebsitenutzung und der Internetnutzung verbundene Dienstleistungen gegen\u00fcber\ndem Webseitenbetreiber zu erbringen. Die im Rahmen von Google Analytics von\nIhrem Browser \u00fcbermittelte IP-Adresse wird nicht mit anderen Daten von Google\nzusammengef\u00fchrt.<\/p>\n\n\n\n<p>Die Zwecke der Datenverarbeitung liegen in\nder Auswertung der Nutzung der Website und in der Zusammenstellung von Reports\n\u00fcber Aktivit\u00e4ten auf der Website. Auf Grundlage der Nutzung der Website und des\nInternets sollen dann weitere verbundene Dienstleistungen erbracht werden. Die\nVerarbeitung beruht auf dem berechtigten Interesse des Webseitenbetreibers.<\/p>\n\n\n\n<p>Sie k\u00f6nnen die Speicherung der Cookies\ndurch eine entsprechende Einstellung Ihrer Browser-Software verhindern; wir\nweisen Sie jedoch darauf hin, dass Sie in diesem Fall gegebenenfalls nicht\ns\u00e4mtliche Funktionen dieser Website vollumf\u00e4nglich werden nutzen k\u00f6nnen. Sie\nk\u00f6nnen dar\u00fcber hinaus die Erfassung der durch das Cookie erzeugten und auf Ihre\nNutzung der Webseite bezogenen Daten (inkl. Ihrer IP-Adresse) an Google sowie\ndie Verarbeitung dieser Daten durch Google verhindern, indem sie das unter dem\nfolgenden Link verf\u00fcgbare Browser-Plugin herunterladen und installieren:&nbsp;<a href=\"http:\/\/tools.google.com\/dlpage\/gaoptout?hl=de\" target=\"_blank\" rel=\"noreferrer noopener\">Browser Add\nOn zur Deaktivierung von Google Analytics<\/a>.<\/p>\n\n\n\n<p>Zus\u00e4tzlich oder als Alternative zum\nBrowser-Add-On k\u00f6nnen Sie das Tracking durch Google Analytics auf unseren\nSeiten unterbinden, indem Sie&nbsp;<a href=\"http:\/\/www.kinesiologie-nimke.de\/kontakt\/datenschutz.html\">diesen Link anklicken<\/a>. Dabei wird ein Opt-Out-Cookie auf Ihrem Ger\u00e4t\ninstalliert. Damit wird die Erfassung durch Google Analytics f\u00fcr diese Website\nund f\u00fcr diesen Browser zuk\u00fcnftig verhindert, so lange das Cookie in Ihrem\nBrowser installiert bleibt.<\/p>\n\n\n\n<p><strong>\u00c4nderung unserer Datenschutzbestimmungen<\/strong><\/p>\n\n\n\n<p>Wir behalten uns vor, diese Datenschutzerkl\u00e4rung\nanzupassen, damit sie stets den aktuellen rechtlichen Anforderungen entspricht\noder um \u00c4nderungen unserer Leistungen in der Datenschutzerkl\u00e4rung umzusetzen,\nz.B. bei der Einf\u00fchrung neuer Services. F\u00fcr Ihren erneuten Besuch gilt dann die\nneue Datenschutzerkl\u00e4rung.<\/p>\n\n\n\n<p>Wenn Sie Fragen zum Datenschutz haben,\nschreiben Sie mir bitte eine E-Mail:<\/p>\n\n\n\n<p>info@juliadornfeldt.de<\/p>\n","protected":false},"excerpt":{"rendered":"<p>Verantwortliche gem. Art. 4 Abs. 7 EU-Datenschutz-Grundverordnung (DS-GVO) ist: Julia Dornfeldt, Salzmannstra\u00dfe 5, 33739 Bielefeld, &nbsp;info@juliadornfeldt.de Information \u00fcber die Erhebung personenbezogener Daten Diese Datenschutzerkl\u00e4rung informiert Sie \u00fcber die Erhebung personenbezogener Daten bei Nutzung dieser Internetpr\u00e4senz. Personenbezogene Daten sind alle Daten, die auf Sie pers\u00f6nlich beziehbar sind, beispielweise Ihr Name, Ihre Anschrift oder Ihre E-Mail-Adresse. Erhebung &hellip; <a href=\"https:\/\/juliadornfeldt.de\/?page_id=135\" class=\"more-link\"><span class=\"screen-reader-text\">\u201eDatenschutzerkl\u00e4rung\u201c <\/span>weiterlesen<\/a><\/p>\n","protected":false},"author":1,"featured_media":0,"parent":0,"menu_order":0,"comment_status":"closed","ping_status":"closed","template":"","meta":{"footnotes":""},"class_list":["post-135","page","type-page","status-publish","hentry"],"_links":{"self":[{"href":"https:\/\/juliadornfeldt.de\/index.php?rest_route=\/wp\/v2\/pages\/135","targetHints":{"allow":["GET"]}}],"collection":[{"href":"https:\/\/juliadornfeldt.de\/index.php?rest_route=\/wp\/v2\/pages"}],"about":[{"href":"https:\/\/juliadornfeldt.de\/index.php?rest_route=\/wp\/v2\/types\/page"}],"author":[{"embeddable":true,"href":"https:\/\/juliadornfeldt.de\/index.php?rest_route=\/wp\/v2\/users\/1"}],"replies":[{"embeddable":true,"href":"https:\/\/juliadornfeldt.de\/index.php?rest_route=%2Fwp%2Fv2%2Fcomments&post=135"}],"version-history":[{"count":3,"href":"https:\/\/juliadornfeldt.de\/index.php?rest_route=\/wp\/v2\/pages\/135\/revisions"}],"predecessor-version":[{"id":138,"href":"https:\/\/juliadornfeldt.de\/index.php?rest_route=\/wp\/v2\/pages\/135\/revisions\/138"}],"wp:attachment":[{"href":"https:\/\/juliadornfeldt.de\/index.php?rest_route=%2Fwp%2Fv2%2Fmedia&parent=135"}],"curies":[{"name":"wp","href":"https:\/\/api.w.org\/{rel}","templated":true}]}}